0000111001100 + 101011?
1000010000111110111
In base 15, what is 4626 + -9b6e?
-5548
In base 13, what is -9147 + 238?
-8c0c
In base 13, what is -4951c3 + -27?
-49521a
In base 4, what is 11 - -110103030100111?
110103030100122
In base 8, what is 2513647 + -117?
2513530
In base 9, what is 301787 - 1203?
300584
In base 15, what is 346e92 - 4?
346e8d
In base 8, what is 37674115 + 2?
37674117
In base 16, what is 1a0 + -71608?
-71468
In base 2, what is 10001010101101 + 1100001001?
10010110110110
In base 12, what is -4663782 - 0?
-4663782
In base 15, what is -1e65c - -aca?
-1da82
In base 15, what is c9464 + -b?
c9458
In base 16, what is -1557c745 + -4?
-1557c749
In base 9, what is -144741663 - -2?
-144741661
In base 16, what is 311ecd5 + 4?
311ecd9
In base 8, what is -26 - 106706255?
-106706303
In base 14, what is 2d9425 + 37?
2d945c
In base 12, what is 490 + a2a2?
a772
In base 13, what is -6b17 - 1105?
-7c1c
In base 5, what is -44133201 - -141?
-44133010
In base 15, what is -c + -177dad7?
-177dae4
In base 7, what is 1 - -341655036?
341655040
In base 14, what is 717307 + -6?
717301
In base 15, what is -1c1a6d + 24?
-1c1a49
In base 13, what is -22435 - 17a?
-225b2
In base 2, what is 10000111 - 100011010000010110?
-100011001110001111
In base 11, what is -5 + -44288a75?
-44288a7a
In base 6, what is -34 - -4541?
4503
In base 2, what is 11011010010111 + 10101101?
11011101000100
In base 3, what is 1122200010 + 101102?
1200001112
In base 9, what is -2076 + 11307?
8221
In base 15, what is -c62b7 + d?
-c62a9
In base 16, what is -57fc6 - 11?
-57fd7
In base 11, what is -101404 + 462?
-100a52
In base 2, what is 1110100010010001011110010 + -1?
1110100010010001011110001
In base 5, what is -4344 + 4433412?
4424013
In base 7, what is -222136 - -426?
-221410
In base 4, what is -331201 + -2012032?
-3003233
In base 7, what is -1313126 - 2613?
-1316042
In base 5, what is 14423311 - -40?
14423401
In base 8, what is 0 + 17254471?
17254471
In base 4, what is -210 - -3112120300?
3112120030
In base 4, what is -1011113 + 1201212030?
1200200311
In base 4, what is 210232012221 - -2?
210232012223
In base 9, what is 2 - 646486152?
-646486150
In base 11, what is -9 + 1a18068a?
1a180681
In base 7, what is -6336 - -21?
-6315
In base 11, what is 587 + -43560?
-42a84
In base 10, what is 2 - 180877761?
-180877759
In base 15, what is -3183 + -1d4?
-3367
In base 2, what is 1111101010001000 + -1100111010110?
1110000010110010
In base 11, what is 28780 - 24a?
28531
In base 5, what is -13 + 223134313?
223134300
In base 9, what is 6884677 + 13?
6884701
In base 10, what is 38 + -45385?
-45347
In base 8, what is -1247060 - -104?
-1246754
In base 4, what is -302103301202 - -1?
-302103301201
In base 11, what is -100a308 - -9?
-100a2aa
In base 16, what is a3a1 - -d8?
a479
In base 10, what is -1929190941 + 3?
-1929190938
In base 8, what is -17074 + 24546?
5452
In base 6, what is -2442021254 - -32?
-2442021222
In base 10, what is 24 + -169251?
-169227
In base 11, what is 31961a - -24?
319643
In base 15, what is 9e4 + -15d38?
-15344
In base 9, what is 3886038 + 3?
3886042
In base 4, what is 303320233310 + 110?
303320300020
In base 7, what is 10 - -42024006?
42024016
In base 16, what is -26341 - -c4?
-2627d
In base 15, what is -3a8 + -32e9e?
-33357
In base 14, what is -3 - 26c3577?
-26c357a
In base 11, what is 526731 + 7?
526738
In base 8, what is -7 + 4077566?
4077557
In base 7, what is 2 + 1632646?
1632651
In base 16, what is ce - 7cc0?
-7bf2
In base 14, what is -672a91 + -8?
-672a99
In base 3, what is 11022122 - 1010111?
10012011
In base 12, what is 3153 + 5955?
8aa8
In base 3, what is 2000 - -100110202222?
100110211222
In base 16, what is -572b - -2c80?
-2aab
In base 8, what is 26701 + 103217?
132120
In base 5, what is -120122 - -33203?
-31414
In base 8, what is -262240 - -1135?
-261103
In base 13, what is 213a9bc + -1?
213a9bb
In base 13, what is 10b80 + -2cc?
10881
In base 11, what is 2738307 - 2?
2738305
In base 11, what is 75 + 1045667?
1045731
In base 13, what is -76c51298 - 3?
-76c5129b
In base 7, what is 23462410053 + -3?
23462410050
In base 14, what is -3b90 - -47b?
-3713
In base 3, what is 1 - -2010111201012210?
2010111201012211
In base 3, what is 2020102 - 121102?
1122000
In base 12, what is -631a2 + -97?
-63279
In base 2, what is 10111 + 100001010001010100100?
100001010001010111011
In base 2, what is -110001010 - 100110000010101?
-100110110011111
In base 7, what is 20140 + 265312?
315452
In base 12, what is -58 + -112a10?
-112a68
In base 8, what is -405 - -30721?
30314
In base 6, what is -43253150 + 24?
-43253122
In base 15, what is 5 - -298e406?
298e40b
In base 14, what is -b1 + -4a36a?
-4a43b
In base 15, what is -8906422 + 8?
-8906419
In base 16, what is -16a0799 - -f?
-16a078a
In base 4, what is 101 - -232101231?
232101332
In base 12, what is 3aa388 - -23a?
3aa606
In base 14, what is 12 + 11cb2b?
11cb3d
In base 2, what is 110100 + -11101100000100101001111?
-11101100000100100011011
In base 6, what is -21 + 54353354?
54353333
In base 2, what is 1 + 10101100110111010010101?
10101100110111010010110
In base 14, what is -44 - -101c08?
101ba4
In base 13, what is 1c98 + 503?
249b
In base 13, what is 56765 - 23?
56742
In base 10, what is -2768264 + 25?
-2768239
In base 11, what is 2a61 + 1493?
4444
In base 3, what is -12 - -100012202212121?
100012202212102
In base 14, what is 12 + 25875b5?
25875c7
In base 8, what is 51346217 + 4?
51346223
In base 9, what is -12362 + 10228?
-2133
In base 16, what is 5 - 52d12c8?
-52d12c3
In base 16, what is bda2 + 170?
bf12
In base 15, what is -5 - -c97b2?
c97ac
In base 15, what is 3693 - -110?
37a3
In base 9, what is 54408568 - -4?
54408573
In base 11, what is 71301 + -33?
71279
In base 3, what is 221221 + -121101221110?
-121100222112
In base 9, what is -483024 + -40?
-483064
In base 13, what is -5226 - 30?
-5256
In base 5, what is 12 - -2201104214?
2201104231
In base 16, what is c593d - -cc?
c5a09
In base 2, what is 10000101110 - 1011001001011110?
-1010111000110000
In base 6, what is -5012503403 - 0?
-5012503403
In base 4, what is 200 + -201203031100?
-201203030300
In base 5, what is -13320004 + -30122?
-13400131
In base 10, what is -1258 - 1100?
-2358
In base 9, what is 12 + -25487?
-25475
In base 15, what is 44d634 - 1?
44d633
In base 11, what is -136314217 - 3?
-13631421a
In base 9, what is 208488 - -10?
208508
In base 15, what is 6 - bb490a0?
-bb49099
In base 15, what is -b0 + -31e752?
-31e812
In base 8, what is -23225617 - 3?
-23225622
In base 14, what is -22c1 + 63d7b?
61a9a
In base 16, what is -7b + 34de?
3463
In base 16, what is -2 - -10fa903c?
10fa903a
In base 14, what is 2b683c - 8?
2b6834
In base 12, what is -36344 + -464?
-367a8
In base 3, what is -122211202210 - 2000220?
-122220210200
In base 2, what is -10000011011011010000110100 - 1?
-10000011011011010000110101
In base 8, what is 5 + 134003474?
134003501
In base 16, what is -2 + -237a1c?
-237a1e
In base 15, what is 0 - -376257?
376257
In base 6, what is 325434 - 2253?
323141
In base 9, what is 17243061 - -17?
17243078
In base 16, what is 8c + 127b2?
1283e
In base 8, what is -22760233 + 3?
-22760230
In base 11, what is -10013316 - -3?
-10013313
In base 9, what is -14 - 40505278?
-40505303
In base 14, what is -11da + -c799?
-d995
In base 2, what is 101111001 + -10001001101010?
-10000011110001
In base 2, what is 1000100 + 1011011110100000110?
1011011110101001010
In base 10, what is -13391 + -1319?
-14710
In base 8, what is 2 - -1023160360?
1023160362
In base 13, what is 185 + -a371?
-a1b9
In base 11, what is -225543 + 134?
-22540a
In base 12, what is -140579b + -6?
-14057a5
In base 6, what is -4 + -11512113431?
-11512113435
In base 4, what is 301333312211 + 23?
301333312300
In base 8, what is 4561 + 2227?
7010
In base 10, what is 966562 - -10?
966572
In base 6, what is 3 - -34241052?
34241055
In base 6, what is 24110401014 - 4?
24110401010
In base 14, what is -1add78 + 0?
-1add78
In base 9, what is -2 + -460471780?
-460471782
In base 15, what is -1324d7 + -13?
-1324ea
In base 16, what is 63b2e9 + 2?
63b2eb
In base 8, what is 2177522 + 0?
2177522
In base 13, what is -6c0c70 + 58?
-6c0c15
In base 15, what is -3 - 26c8d07?
-26c8d0a
In base 15, what is -4daba + -93?
-4db5d
In base 11, what is -997